{"id":2191,"date":"2026-09-02T17:13:17","date_gmt":"2026-09-02T15:13:17","guid":{"rendered":"https:\/\/www.museum-lindwurm.ch\/?post_type=event&#038;p=2191"},"modified":"2026-09-02T17:20:36","modified_gmt":"2026-09-02T15:20:36","slug":"kurzfuehrungen","status":"publish","type":"event","link":"https:\/\/www.museum-lindwurm.ch\/en\/event\/kurzfuehrungen\/","title":{"rendered":"Kurzf\u00fchrungen"},"content":{"rendered":"<p>Das Museum Lindwurm pr\u00e4sentiert auf 1500 m\u00b2 b\u00fcrgerliches Wohnen und landwirtschaftliches Arbeiten im 19. Jahrhundert. Die Kurzf\u00fchrungen erm\u00f6glichen Einblicke in die Geschichte des Hauses. Besucher:innen entdecken dabei die unterschiedlichsten R\u00e4ume und Funktionen: vom Esszimmer \u00fcber die K\u00fcche bis hin zum Vorratskeller, und erfahren selbst, wie die Menschen ohne fliessendes Wasser, Strom und Heizung lebten. Wozu brauchte man denn eine Zuckerzange?<\/p>\n<ul>\n<li>17:00 Uhr Kurzf\u00fchrung K\u00fcche<\/li>\n<li>18:00 Uhr Kurzf\u00fchrung Esszimmer<\/li>\n<li>19:00 Uhr Kurzf\u00fchrung Vorratskeller<\/li>\n<\/ul>\n","protected":false},"excerpt":{"rendered":"<p>Das Museum Lindwurm pr\u00e4sentiert auf 1500 m\u00b2 b\u00fcrgerliches Wohnen und landwirtschaftliches Arbeiten im 19. Jahrhundert. Die Kurzf\u00fchrungen erm\u00f6glichen Einblicke in die Geschichte des Hauses. Besucher:innen entdecken dabei die unterschiedlichsten R\u00e4ume&#8230;<\/p>\n","protected":false},"featured_media":2193,"template":"","meta":{"_acf_changed":false,"footnotes":""},"event-topic":[],"event-format":[60],"class_list":["post-2191","event","type-event","status-publish","has-post-thumbnail","event-format-museumsnacht"],"acf":[],"yoast_head":"<!-- This site is optimized with the Yoast SEO plugin v28.4 - https:\/\/yoast.com\/product\/yoast-seo-wordpress\/ -->\n<title>Kurzf\u00fchrungen - Museum Lindwurm - Stein am Rhein<\/title>\n<meta name=\"robots\" content=\"index, follow, max-snippet:-1, max-image-preview:large, max-video-preview:-1\" \/>\n<link rel=\"canonical\" href=\"https:\/\/www.museum-lindwurm.ch\/en\/event\/kurzfuehrungen\/\" \/>\n<meta property=\"og:locale\" content=\"en_US\" \/>\n<meta property=\"og:type\" content=\"article\" \/>\n<meta property=\"og:title\" content=\"Kurzf\u00fchrungen - Museum Lindwurm - Stein am Rhein\" \/>\n<meta property=\"og:description\" content=\"Das Museum Lindwurm pr\u00e4sentiert auf 1500 m\u00b2 b\u00fcrgerliches Wohnen und landwirtschaftliches Arbeiten im 19. Jahrhundert. Die Kurzf\u00fchrungen erm\u00f6glichen Einblicke in die Geschichte des Hauses. Besucher:innen entdecken dabei die unterschiedlichsten R\u00e4ume...\" \/>\n<meta property=\"og:url\" content=\"https:\/\/www.museum-lindwurm.ch\/en\/event\/kurzfuehrungen\/\" \/>\n<meta property=\"og:site_name\" content=\"Museum Lindwurm - Stein am Rhein\" \/>\n<meta property=\"article:publisher\" content=\"https:\/\/www.facebook.com\/WindlerStiftungKultur\/\" \/>\n<meta property=\"article:modified_time\" content=\"2026-09-02T15:20:36+00:00\" \/>\n<meta property=\"og:image\" content=\"https:\/\/www.museum-lindwurm.ch\/wp-content\/uploads\/2026\/09\/Spalte-2-Kurzfuehrungen-scaled-e1788362140971.jpg\" \/>\n\t<meta property=\"og:image:width\" content=\"1000\" \/>\n\t<meta property=\"og:image:height\" content=\"909\" \/>\n\t<meta property=\"og:image:type\" content=\"image\/jpeg\" \/>\n<meta name=\"twitter:card\" content=\"summary_large_image\" \/>\n<meta name=\"twitter:label1\" content=\"Est. reading time\" \/>\n\t<meta name=\"twitter:data1\" content=\"1 minute\" \/>\n<script type=\"application\/ld+json\" class=\"yoast-schema-graph\">{\"@context\":\"https:\\\/\\\/schema.org\",\"@graph\":[{\"@type\":\"WebPage\",\"@id\":\"https:\\\/\\\/www.museum-lindwurm.ch\\\/en\\\/event\\\/kurzfuehrungen\\\/\",\"url\":\"https:\\\/\\\/www.museum-lindwurm.ch\\\/en\\\/event\\\/kurzfuehrungen\\\/\",\"name\":\"Kurzf\u00fchrungen - Museum Lindwurm - Stein am Rhein\",\"isPartOf\":{\"@id\":\"https:\\\/\\\/www.museum-lindwurm.ch\\\/en\\\/#website\"},\"primaryImageOfPage\":{\"@id\":\"https:\\\/\\\/www.museum-lindwurm.ch\\\/en\\\/event\\\/kurzfuehrungen\\\/#primaryimage\"},\"image\":{\"@id\":\"https:\\\/\\\/www.museum-lindwurm.ch\\\/en\\\/event\\\/kurzfuehrungen\\\/#primaryimage\"},\"thumbnailUrl\":\"https:\\\/\\\/www.museum-lindwurm.ch\\\/wp-content\\\/uploads\\\/2026\\\/09\\\/Spalte-2-Kurzfuehrungen-scaled-e1788362140971.jpg\",\"datePublished\":\"2026-09-02T15:13:17+00:00\",\"dateModified\":\"2026-09-02T15:20:36+00:00\",\"breadcrumb\":{\"@id\":\"https:\\\/\\\/www.museum-lindwurm.ch\\\/en\\\/event\\\/kurzfuehrungen\\\/#breadcrumb\"},\"inLanguage\":\"en-US\",\"potentialAction\":[{\"@type\":\"ReadAction\",\"target\":[\"https:\\\/\\\/www.museum-lindwurm.ch\\\/en\\\/event\\\/kurzfuehrungen\\\/\"]}]},{\"@type\":\"ImageObject\",\"inLanguage\":\"en-US\",\"@id\":\"https:\\\/\\\/www.museum-lindwurm.ch\\\/en\\\/event\\\/kurzfuehrungen\\\/#primaryimage\",\"url\":\"https:\\\/\\\/www.museum-lindwurm.ch\\\/wp-content\\\/uploads\\\/2026\\\/09\\\/Spalte-2-Kurzfuehrungen-scaled-e1788362140971.jpg\",\"contentUrl\":\"https:\\\/\\\/www.museum-lindwurm.ch\\\/wp-content\\\/uploads\\\/2026\\\/09\\\/Spalte-2-Kurzfuehrungen-scaled-e1788362140971.jpg\",\"width\":1000,\"height\":909,\"caption\":\"Lindwurm\"},{\"@type\":\"BreadcrumbList\",\"@id\":\"https:\\\/\\\/www.museum-lindwurm.ch\\\/en\\\/event\\\/kurzfuehrungen\\\/#breadcrumb\",\"itemListElement\":[{\"@type\":\"ListItem\",\"position\":1,\"name\":\"Startseite\",\"item\":\"https:\\\/\\\/www.museum-lindwurm.ch\\\/en\\\/\"},{\"@type\":\"ListItem\",\"position\":2,\"name\":\"Kurzf\u00fchrungen\"}]},{\"@type\":\"WebSite\",\"@id\":\"https:\\\/\\\/www.museum-lindwurm.ch\\\/en\\\/#website\",\"url\":\"https:\\\/\\\/www.museum-lindwurm.ch\\\/en\\\/\",\"name\":\"Museum Lindwurm\",\"description\":\"Museum Lindwurm l\u00e4dt Sie zu einer Zeitreise ein! F\u00fchlen Sie sich im 19. Jahrhundert wie zu Hause und erkunden Sie die Lebens- und Arbeitswelte.\",\"publisher\":{\"@id\":\"https:\\\/\\\/www.museum-lindwurm.ch\\\/en\\\/#organization\"},\"potentialAction\":[{\"@type\":\"SearchAction\",\"target\":{\"@type\":\"EntryPoint\",\"urlTemplate\":\"https:\\\/\\\/www.museum-lindwurm.ch\\\/en\\\/?s={search_term_string}\"},\"query-input\":{\"@type\":\"PropertyValueSpecification\",\"valueRequired\":true,\"valueName\":\"search_term_string\"}}],\"inLanguage\":\"en-US\"},{\"@type\":\"Organization\",\"@id\":\"https:\\\/\\\/www.museum-lindwurm.ch\\\/en\\\/#organization\",\"name\":\"Museum Lindwurm\",\"url\":\"https:\\\/\\\/www.museum-lindwurm.ch\\\/en\\\/\",\"logo\":{\"@type\":\"ImageObject\",\"inLanguage\":\"en-US\",\"@id\":\"https:\\\/\\\/www.museum-lindwurm.ch\\\/en\\\/#\\\/schema\\\/logo\\\/image\\\/\",\"url\":\"https:\\\/\\\/www.museum-lindwurm.ch\\\/wp-content\\\/uploads\\\/2024\\\/12\\\/Wort-Bildmarke-Museum-Lindwurm-ws-gelb.png\",\"contentUrl\":\"https:\\\/\\\/www.museum-lindwurm.ch\\\/wp-content\\\/uploads\\\/2024\\\/12\\\/Wort-Bildmarke-Museum-Lindwurm-ws-gelb.png\",\"width\":1159,\"height\":1008,\"caption\":\"Museum Lindwurm\"},\"image\":{\"@id\":\"https:\\\/\\\/www.museum-lindwurm.ch\\\/en\\\/#\\\/schema\\\/logo\\\/image\\\/\"},\"sameAs\":[\"https:\\\/\\\/www.facebook.com\\\/WindlerStiftungKultur\\\/\",\"https:\\\/\\\/www.instagram.com\\\/windlerstiftung\\\/\"]}]}<\/script>\n<!-- \/ Yoast SEO plugin. -->","yoast_head_json":{"title":"Kurzf\u00fchrungen - Museum Lindwurm - Stein am Rhein","robots":{"index":"index","follow":"follow","max-snippet":"max-snippet:-1","max-image-preview":"max-image-preview:large","max-video-preview":"max-video-preview:-1"},"canonical":"https:\/\/www.museum-lindwurm.ch\/en\/event\/kurzfuehrungen\/","og_locale":"en_US","og_type":"article","og_title":"Kurzf\u00fchrungen - Museum Lindwurm - Stein am Rhein","og_description":"Das Museum Lindwurm pr\u00e4sentiert auf 1500 m\u00b2 b\u00fcrgerliches Wohnen und landwirtschaftliches Arbeiten im 19. Jahrhundert. Die Kurzf\u00fchrungen erm\u00f6glichen Einblicke in die Geschichte des Hauses. Besucher:innen entdecken dabei die unterschiedlichsten R\u00e4ume...","og_url":"https:\/\/www.museum-lindwurm.ch\/en\/event\/kurzfuehrungen\/","og_site_name":"Museum Lindwurm - Stein am Rhein","article_publisher":"https:\/\/www.facebook.com\/WindlerStiftungKultur\/","article_modified_time":"2026-09-02T15:20:36+00:00","og_image":[{"width":1000,"height":909,"url":"https:\/\/www.museum-lindwurm.ch\/wp-content\/uploads\/2026\/09\/Spalte-2-Kurzfuehrungen-scaled-e1788362140971.jpg","type":"image\/jpeg"}],"twitter_card":"summary_large_image","twitter_misc":{"Est. reading time":"1 minute"},"schema":{"@context":"https:\/\/schema.org","@graph":[{"@type":"WebPage","@id":"https:\/\/www.museum-lindwurm.ch\/en\/event\/kurzfuehrungen\/","url":"https:\/\/www.museum-lindwurm.ch\/en\/event\/kurzfuehrungen\/","name":"Kurzf\u00fchrungen - Museum Lindwurm - Stein am Rhein","isPartOf":{"@id":"https:\/\/www.museum-lindwurm.ch\/en\/#website"},"primaryImageOfPage":{"@id":"https:\/\/www.museum-lindwurm.ch\/en\/event\/kurzfuehrungen\/#primaryimage"},"image":{"@id":"https:\/\/www.museum-lindwurm.ch\/en\/event\/kurzfuehrungen\/#primaryimage"},"thumbnailUrl":"https:\/\/www.museum-lindwurm.ch\/wp-content\/uploads\/2026\/09\/Spalte-2-Kurzfuehrungen-scaled-e1788362140971.jpg","datePublished":"2026-09-02T15:13:17+00:00","dateModified":"2026-09-02T15:20:36+00:00","breadcrumb":{"@id":"https:\/\/www.museum-lindwurm.ch\/en\/event\/kurzfuehrungen\/#breadcrumb"},"inLanguage":"en-US","potentialAction":[{"@type":"ReadAction","target":["https:\/\/www.museum-lindwurm.ch\/en\/event\/kurzfuehrungen\/"]}]},{"@type":"ImageObject","inLanguage":"en-US","@id":"https:\/\/www.museum-lindwurm.ch\/en\/event\/kurzfuehrungen\/#primaryimage","url":"https:\/\/www.museum-lindwurm.ch\/wp-content\/uploads\/2026\/09\/Spalte-2-Kurzfuehrungen-scaled-e1788362140971.jpg","contentUrl":"https:\/\/www.museum-lindwurm.ch\/wp-content\/uploads\/2026\/09\/Spalte-2-Kurzfuehrungen-scaled-e1788362140971.jpg","width":1000,"height":909,"caption":"Lindwurm"},{"@type":"BreadcrumbList","@id":"https:\/\/www.museum-lindwurm.ch\/en\/event\/kurzfuehrungen\/#breadcrumb","itemListElement":[{"@type":"ListItem","position":1,"name":"Startseite","item":"https:\/\/www.museum-lindwurm.ch\/en\/"},{"@type":"ListItem","position":2,"name":"Kurzf\u00fchrungen"}]},{"@type":"WebSite","@id":"https:\/\/www.museum-lindwurm.ch\/en\/#website","url":"https:\/\/www.museum-lindwurm.ch\/en\/","name":"Museum Lindwurm","description":"Museum Lindwurm l\u00e4dt Sie zu einer Zeitreise ein! F\u00fchlen Sie sich im 19. Jahrhundert wie zu Hause und erkunden Sie die Lebens- und Arbeitswelte.","publisher":{"@id":"https:\/\/www.museum-lindwurm.ch\/en\/#organization"},"potentialAction":[{"@type":"SearchAction","target":{"@type":"EntryPoint","urlTemplate":"https:\/\/www.museum-lindwurm.ch\/en\/?s={search_term_string}"},"query-input":{"@type":"PropertyValueSpecification","valueRequired":true,"valueName":"search_term_string"}}],"inLanguage":"en-US"},{"@type":"Organization","@id":"https:\/\/www.museum-lindwurm.ch\/en\/#organization","name":"Museum Lindwurm","url":"https:\/\/www.museum-lindwurm.ch\/en\/","logo":{"@type":"ImageObject","inLanguage":"en-US","@id":"https:\/\/www.museum-lindwurm.ch\/en\/#\/schema\/logo\/image\/","url":"https:\/\/www.museum-lindwurm.ch\/wp-content\/uploads\/2024\/12\/Wort-Bildmarke-Museum-Lindwurm-ws-gelb.png","contentUrl":"https:\/\/www.museum-lindwurm.ch\/wp-content\/uploads\/2024\/12\/Wort-Bildmarke-Museum-Lindwurm-ws-gelb.png","width":1159,"height":1008,"caption":"Museum Lindwurm"},"image":{"@id":"https:\/\/www.museum-lindwurm.ch\/en\/#\/schema\/logo\/image\/"},"sameAs":["https:\/\/www.facebook.com\/WindlerStiftungKultur\/","https:\/\/www.instagram.com\/windlerstiftung\/"]}]}},"_links":{"self":[{"href":"https:\/\/www.museum-lindwurm.ch\/en\/wp-json\/wp\/v2\/event\/2191","targetHints":{"allow":["GET"]}}],"collection":[{"href":"https:\/\/www.museum-lindwurm.ch\/en\/wp-json\/wp\/v2\/event"}],"about":[{"href":"https:\/\/www.museum-lindwurm.ch\/en\/wp-json\/wp\/v2\/types\/event"}],"version-history":[{"count":5,"href":"https:\/\/www.museum-lindwurm.ch\/en\/wp-json\/wp\/v2\/event\/2191\/revisions"}],"predecessor-version":[{"id":2197,"href":"https:\/\/www.museum-lindwurm.ch\/en\/wp-json\/wp\/v2\/event\/2191\/revisions\/2197"}],"wp:featuredmedia":[{"embeddable":true,"href":"https:\/\/www.museum-lindwurm.ch\/en\/wp-json\/wp\/v2\/media\/2193"}],"wp:attachment":[{"href":"https:\/\/www.museum-lindwurm.ch\/en\/wp-json\/wp\/v2\/media?parent=2191"}],"wp:term":[{"taxonomy":"event-topic","embeddable":true,"href":"https:\/\/www.museum-lindwurm.ch\/en\/wp-json\/wp\/v2\/event-topic?post=2191"},{"taxonomy":"event-format","embeddable":true,"href":"https:\/\/www.museum-lindwurm.ch\/en\/wp-json\/wp\/v2\/event-format?post=2191"}],"curies":[{"name":"wp","href":"https:\/\/api.w.org\/{rel}","templated":true}]}}

Kurzführungen

<p>Das Museum Lindwurm präsentiert auf 1500 m² bürgerliches Wohnen und landwirtschaftliches Arbeiten im 19. Jahrhundert. Die Kurzführungen ermöglichen Einblicke in die Geschichte des Hauses. Besucher:innen entdecken dabei die unterschiedlichsten Räume und Funktionen: vom Esszimmer über die Küche bis hin zum Vorratskeller, und erfahren selbst, wie die Menschen ohne fliessendes Wasser, Strom und Heizung lebten. Wozu brauchte man denn eine Zuckerzange?</p>
<ul>
<li>17:00 Uhr Kurzführung Küche</li>
<li>18:00 Uhr Kurzführung Esszimmer</li>
<li>19:00 Uhr Kurzführung Vorratskeller</li>
</ul>

<p>Das Museum Lindwurm präsentiert auf 1500 m² bürgerliches Wohnen und landwirtschaftliches Arbeiten im 19. Jahrhundert. Die Kurzführungen ermöglichen Einblicke in die Geschichte des Hauses. Besucher:innen entdecken dabei die unterschiedlichsten Räume&#8230;</p>

<!-- This site is optimized with the Yoast SEO plugin v28.4 - https://yoast.com/product/yoast-seo-wordpress/ -->
<title>Kurzführungen - Museum Lindwurm - Stein am Rhein</title>
<meta name="robots" content="index, follow, max-snippet:-1, max-image-preview:large, max-video-preview:-1" />
<link rel="canonical" href="https://www.museum-lindwurm.ch/en/event/kurzfuehrungen/" />
<meta property="og:locale" content="en_US" />
<meta property="og:type" content="article" />
<meta property="og:title" content="Kurzführungen - Museum Lindwurm - Stein am Rhein" />
<meta property="og:description" content="Das Museum Lindwurm präsentiert auf 1500 m² bürgerliches Wohnen und landwirtschaftliches Arbeiten im 19. Jahrhundert. Die Kurzführungen ermöglichen Einblicke in die Geschichte des Hauses. Besucher:innen entdecken dabei die unterschiedlichsten Räume..." />
<meta property="og:url" content="https://www.museum-lindwurm.ch/en/event/kurzfuehrungen/" />
<meta property="og:site_name" content="Museum Lindwurm - Stein am Rhein" />
<meta property="article:publisher" content="https://www.facebook.com/WindlerStiftungKultur/" />
<meta property="article:modified_time" content="2026-09-02T15:20:36+00:00" />
<meta property="og:image" content="https://www.museum-lindwurm.ch/wp-content/uploads/2026/09/Spalte-2-Kurzfuehrungen-scaled-e1788362140971.jpg" />
	<meta property="og:image:width" content="1000" />
	<meta property="og:image:height" content="909" />
	<meta property="og:image:type" content="image/jpeg" />
<meta name="twitter:card" content="summary_large_image" />
<meta name="twitter:label1" content="Est. reading time" />
	<meta name="twitter:data1" content="1 minute" />
<script type="application/ld+json" class="yoast-schema-graph">{"@context":"https:\/\/schema.org","@graph":[{"@type":"WebPage","@id":"https:\/\/www.museum-lindwurm.ch\/en\/event\/kurzfuehrungen\/","url":"https:\/\/www.museum-lindwurm.ch\/en\/event\/kurzfuehrungen\/","name":"Kurzführungen - Museum Lindwurm - Stein am Rhein","isPartOf":{"@id":"https:\/\/www.museum-lindwurm.ch\/en\/#website"},"primaryImageOfPage":{"@id":"https:\/\/www.museum-lindwurm.ch\/en\/event\/kurzfuehrungen\/#primaryimage"},"image":{"@id":"https:\/\/www.museum-lindwurm.ch\/en\/event\/kurzfuehrungen\/#primaryimage"},"thumbnailUrl":"https:\/\/www.museum-lindwurm.ch\/wp-content\/uploads\/2026\/09\/Spalte-2-Kurzfuehrungen-scaled-e1788362140971.jpg","datePublished":"2026-09-02T15:13:17+00:00","dateModified":"2026-09-02T15:20:36+00:00","breadcrumb":{"@id":"https:\/\/www.museum-lindwurm.ch\/en\/event\/kurzfuehrungen\/#breadcrumb"},"inLanguage":"en-US","potentialAction":[{"@type":"ReadAction","target":["https:\/\/www.museum-lindwurm.ch\/en\/event\/kurzfuehrungen\/"]}]},{"@type":"ImageObject","inLanguage":"en-US","@id":"https:\/\/www.museum-lindwurm.ch\/en\/event\/kurzfuehrungen\/#primaryimage","url":"https:\/\/www.museum-lindwurm.ch\/wp-content\/uploads\/2026\/09\/Spalte-2-Kurzfuehrungen-scaled-e1788362140971.jpg","contentUrl":"https:\/\/www.museum-lindwurm.ch\/wp-content\/uploads\/2026\/09\/Spalte-2-Kurzfuehrungen-scaled-e1788362140971.jpg","width":1000,"height":909,"caption":"Lindwurm"},{"@type":"BreadcrumbList","@id":"https:\/\/www.museum-lindwurm.ch\/en\/event\/kurzfuehrungen\/#breadcrumb","itemListElement":[{"@type":"ListItem","position":1,"name":"Startseite","item":"https:\/\/www.museum-lindwurm.ch\/en\/"},{"@type":"ListItem","position":2,"name":"Kurzführungen"}]},{"@type":"WebSite","@id":"https:\/\/www.museum-lindwurm.ch\/en\/#website","url":"https:\/\/www.museum-lindwurm.ch\/en\/","name":"Museum Lindwurm","description":"Museum Lindwurm lädt Sie zu einer Zeitreise ein! Fühlen Sie sich im 19. Jahrhundert wie zu Hause und erkunden Sie die Lebens- und Arbeitswelte.","publisher":{"@id":"https:\/\/www.museum-lindwurm.ch\/en\/#organization"},"potentialAction":[{"@type":"SearchAction","target":{"@type":"EntryPoint","urlTemplate":"https:\/\/www.museum-lindwurm.ch\/en\/?s={search_term_string}"},"query-input":{"@type":"PropertyValueSpecification","valueRequired":true,"valueName":"search_term_string"}}],"inLanguage":"en-US"},{"@type":"Organization","@id":"https:\/\/www.museum-lindwurm.ch\/en\/#organization","name":"Museum Lindwurm","url":"https:\/\/www.museum-lindwurm.ch\/en\/","logo":{"@type":"ImageObject","inLanguage":"en-US","@id":"https:\/\/www.museum-lindwurm.ch\/en\/#\/schema\/logo\/image\/","url":"https:\/\/www.museum-lindwurm.ch\/wp-content\/uploads\/2024\/12\/Wort-Bildmarke-Museum-Lindwurm-ws-gelb.png","contentUrl":"https:\/\/www.museum-lindwurm.ch\/wp-content\/uploads\/2024\/12\/Wort-Bildmarke-Museum-Lindwurm-ws-gelb.png","width":1159,"height":1008,"caption":"Museum Lindwurm"},"image":{"@id":"https:\/\/www.museum-lindwurm.ch\/en\/#\/schema\/logo\/image\/"},"sameAs":["https:\/\/www.facebook.com\/WindlerStiftungKultur\/","https:\/\/www.instagram.com\/windlerstiftung\/"]}]}</script>
<!-- / Yoast SEO plugin. -->

Kurzführungen - Museum Lindwurm - Stein am Rhein

Das Museum Lindwurm präsentiert auf 1500 m² bürgerliches Wohnen und landwirtschaftliches Arbeiten im 19. Jahrhundert. Die Kurzführungen ermöglichen Einblicke in die Geschichte des Hauses. Besucher:innen entdecken dabei die unterschiedlichsten Räume...

Museum Lindwurm lädt Sie zu einer Zeitreise ein! Fühlen Sie sich im 19. Jahrhundert wie zu Hause und erkunden Sie die Lebens- und Arbeitswelte.
